{"id":131,"date":"2022-09-22T11:34:25","date_gmt":"2022-09-22T09:34:25","guid":{"rendered":"https:\/\/umanikulturgut.de\/shop\/?post_type=product&#038;p=131"},"modified":"2026-03-25T18:03:33","modified_gmt":"2026-03-25T17:03:33","slug":"bio-lupinen-tempeh-bulgogi-geraeuchert-220g","status":"publish","type":"product","link":"https:\/\/umanikulturgut.de\/shop\/produkt\/bio-lupinen-tempeh-bulgogi-geraeuchert-220g\/","title":{"rendered":"Bio Lupinen-Tempeh Bulgogi ger\u00e4uchert 220g"},"content":{"rendered":"<p><b>Zutaten<\/b>: <b>Lupinen<\/b>* (Deutschland), Tamari*, Balsamico-Essig*, R\u00fcbenzucker*, Ingwer*, Knoblauch*, S\u00e4uerungsmittel (Milchs\u00e4ure), Rhizopus Kulturen, Buchenholzrauch. Kann Spuren von <b>Soja<\/b>,<b> Senf<\/b> oder<b> Gluten<\/b> enthalten. * aus kontrolliert biologischem Anbau<\/p>\n<p><b>Geschmack<\/b>: Herzhafter Lupinen-Tempeh mit rauchiger Note. Das typische Raucharoma verleiht dem Tempeh eine besondere Note \u00e4hnlich anderer ger\u00e4ucherter Produkte wie z.B. R\u00e4uchertofu, Salami oder ger\u00e4uchertem Fisch. Die Bulgogi-Marinade schmeckt w\u00fcrzig-asiatisch mit starker Tamari-Note, leichter Ingwer- und Knoblauch-W\u00fcrze, abgerundet durch die S\u00e4ure von Balsamico-Essig und eine Prise Zucker.<\/p>\n<p><b>Konsistenz<\/b>: Schnittfest mit leichtem Biss der gesch\u00e4lten und geschroteten Lupinen-Samen, saftig durch die Marinade.<\/p>\n<p><b>Verwendung<\/b>: Passt besonders gut in asiatische Gerichte wie z.B. zu Reis und Curry, aber auch zu Gem\u00fcse, Salat, aufs Brot, in den Burger oder zur Suppe.<\/p>\n<p><b>Zubereitung<\/b>: F\u00fcr ein optimales Geschmackserlebnis den Tempeh in \u00d6l goldbraun anbraten. Alternativ kann er auch frisch aus der Packung genossen oder nach Belieben gebacken, gegrillt oder frittiert werden. Leckere Tipps und Tempeh-Rezepte findest du auf unserer Webseite unter <a href=\"http:\/\/www.umanikulturgut.de\/zubereitung\/\">www.umanikulturgut.de\/zubereitung<\/a>\/.<\/p>\n<p><b>Haltbarkeit<\/b>: Nach der Lieferung ist das Produkt bei einer Lagerung zwischen 2-7 \u00b0C f\u00fcr mindestens drei Wochen haltbar. F\u00fcr eine l\u00e4ngere Lagerung empfehlen wir, den Tempeh tiefzuk\u00fchlen.<\/p>\n","protected":false},"excerpt":{"rendered":"<p>Unser Lupinen-Tempeh erh\u00e4lt durch seine Rauchnote und unsere w\u00fcrzig-asiatische Bulgogi-Marinade seinen einzigartigen Geschmack. Die Bulgogi-Zubereitungsart, bekannt aus der koreanischen K\u00fcche, dient uns hierbei als Inspiration f\u00fcr ein authentisches Geschmackserlebnis.<\/p>\n","protected":false},"featured_media":1499,"comment_status":"open","ping_status":"closed","template":"","meta":{"site-sidebar-layout":"default","site-content-layout":"default","ast-site-content-layout":"default","site-content-style":"default","site-sidebar-style":"default","ast-global-header-display":"","ast-banner-title-visibility":"","ast-main-header-display":"","ast-hfb-above-header-display":"","ast-hfb-below-header-display":"","ast-hfb-mobile-header-display":"","site-post-title":"","ast-breadcrumbs-content":"","ast-featured-img":"","footer-sml-layout":"","ast-disable-related-posts":"","theme-transparent-header-meta":"default","adv-header-id-meta":"","stick-header-meta":"","header-above-stick-meta":"","header-main-stick-meta":"","header-below-stick-meta":"","astra-migrate-meta-layouts":"set","ast-page-background-enabled":"default","ast-page-background-meta":{"desktop":{"background-color":"var(--ast-global-color-4)","background-image":"","background-repeat":"repeat","background-position":"center center","background-size":"auto","background-attachment":"scroll","background-type":"","background-media":"","overlay-type":"","overlay-color":"","overlay-opacity":"","overlay-gradient":""},"tablet":{"background-color":"","background-image":"","background-repeat":"repeat","background-position":"center center","background-size":"auto","background-attachment":"scroll","background-type":"","background-media":"","overlay-type":"","overlay-color":"","overlay-opacity":"","overlay-gradient":""},"mobile":{"background-color":"","background-image":"","background-repeat":"repeat","background-position":"center center","background-size":"auto","background-attachment":"scroll","background-type":"","background-media":"","overlay-type":"","overlay-color":"","overlay-opacity":"","overlay-gradient":""}},"ast-content-background-meta":{"desktop":{"background-color":"var(--ast-global-color-5)","background-image":"","background-repeat":"repeat","background-position":"center center","background-size":"auto","background-attachment":"scroll","background-type":"","background-media":"","overlay-type":"","overlay-color":"","overlay-opacity":"","overlay-gradient":""},"tablet":{"background-color":"var(--ast-global-color-5)","background-image":"","background-repeat":"repeat","background-position":"center center","background-size":"auto","background-attachment":"scroll","background-type":"","background-media":"","overlay-type":"","overlay-color":"","overlay-opacity":"","overlay-gradient":""},"mobile":{"background-color":"var(--ast-global-color-5)","background-image":"","background-repeat":"repeat","background-position":"center center","background-size":"auto","background-attachment":"scroll","background-type":"","background-media":"","overlay-type":"","overlay-color":"","overlay-opacity":"","overlay-gradient":""}}},"product_brand":[],"product_cat":[16,17,23,128],"product_tag":[],"class_list":{"0":"post-131","1":"product","2":"type-product","3":"status-publish","4":"has-post-thumbnail","6":"product_cat-lupinen-tempeh","7":"product_cat-tempeh","8":"product_cat-bulgogi","9":"product_cat-geraeuchert-tempeh","10":"product_shipping_class-kuehlpflichtig","11":"desktop-align-left","12":"tablet-align-left","13":"mobile-align-left","15":"first","16":"outofstock","17":"taxable","18":"shipping-taxable","19":"purchasable","20":"product-type-simple"},"jetpack_sharing_enabled":true,"_links":{"self":[{"href":"https:\/\/umanikulturgut.de\/shop\/wp-json\/wp\/v2\/product\/131","targetHints":{"allow":["GET"]}}],"collection":[{"href":"https:\/\/umanikulturgut.de\/shop\/wp-json\/wp\/v2\/product"}],"about":[{"href":"https:\/\/umanikulturgut.de\/shop\/wp-json\/wp\/v2\/types\/product"}],"replies":[{"embeddable":true,"href":"https:\/\/umanikulturgut.de\/shop\/wp-json\/wp\/v2\/comments?post=131"}],"wp:featuredmedia":[{"embeddable":true,"href":"https:\/\/umanikulturgut.de\/shop\/wp-json\/wp\/v2\/media\/1499"}],"wp:attachment":[{"href":"https:\/\/umanikulturgut.de\/shop\/wp-json\/wp\/v2\/media?parent=131"}],"wp:term":[{"taxonomy":"product_brand","embeddable":true,"href":"https:\/\/umanikulturgut.de\/shop\/wp-json\/wp\/v2\/product_brand?post=131"},{"taxonomy":"product_cat","embeddable":true,"href":"https:\/\/umanikulturgut.de\/shop\/wp-json\/wp\/v2\/product_cat?post=131"},{"taxonomy":"product_tag","embeddable":true,"href":"https:\/\/umanikulturgut.de\/shop\/wp-json\/wp\/v2\/product_tag?post=131"}],"curies":[{"name":"wp","href":"https:\/\/api.w.org\/{rel}","templated":true}]}}